f 3953506570?
0
What is the hundred thousands digit of 3464686282?
6
What is the units digit of 2907300446?
6
What is the hundred millions digit of 1871041641?
8
What is the millions digit of 226762657?
6
What is the hundred thousands digit of 43036116?
0
What is the ten millions digit of 214171893?
1
What is the ten thousands digit of 432183399?
8
What is the thousands digit of 39457282?
7
What is the hundred thousands digit of 294040990?
0
What is the hundred thousands digit of 4954102941?
1
What is the hundred thousands digit of 13422465?
4
What is the thousands digit of 32952420?
2
What is the hundred thousands digit of 15145146?
1
What is the ten millions digit of 1310851302?
1
What is the hundred thousands digit of 51341342?
3
What is the hundreds digit of 5001336683?
6
What is the ten millions digit of 3273471747?
7
What is the thousands digit of 27856192?
6
What is the hundreds digit of 391801357?
3
What is the millions digit of 8837272401?
7
What is the units digit of 58804280?
0
What is the ten millions digit of 57984429?
5
What is the tens digit of 47475131?
3
What is the hundred millions digit of 531159632?
5
What is the hundreds digit of 188104159?
1
What is the thousands digit of 66201287?
1
What is the hundreds digit of 50287068?
0
What is the units digit of 2472507?
7
What is the hundreds digit of 35676593?
5
What is the units digit of 1902042590?
0
What is the ten millions digit of 35847414?
3
What is the tens digit of 593445412?
1
What is the ten millions digit of 2573230339?
7
What is the thousands digit of 108947990?
7
What is the tens digit of 56458970?
7
What is the millions digit of 2807563727?
7
What is the ten millions digit of 248598083?
4
What is the hundred millions digit of 7107946956?
1
What is the hundred millions digit of 271087864?
2
What is the ten millions digit of 58863431?
5
What is the hundred thousands digit of 83446142?
4
What is the billions digit of 1276513825?
1
What is the hundred millions digit of 105575429?
1
What is the tens digit of 47043026?
2
What is the hundred thousands digit of 117618321?
6
What is the ten millions digit of 135609855?
3
What is the ten millions digit of 930588598?
3
What is the units digit of 20715529?
9
What is the ten millions digit of 19240019?
1
What is the units digit of 316499157?
7
What is the thousands digit of 911974464?
4
What is the hundred millions digit of 1069360018?
0
What is the tens digit of 2389173104?
0
What is the thousands digit of 276520032?
0
What is the tens digit of 931890915?
1
What is the tens digit of 3590783042?
4
What is the hundreds digit of 72500635?
6
What is the thousands digit of 108144715?
4
What is the ten thousands digit of 65924098?
2
What is the hundred millions digit of 112808463?
1
What is the hundred thousands digit of 906631090?
6
What is the ten thousands digit of 68105356?
0
What is the ten thousands digit of 34345223?
4
What is the ten thousands digit of 1895988?
9
What is the hundreds digit of 73433199?
1
What is the thousands digit of 2588835166?
5
What is the hundred thousands digit of 950748946?
7
What is the hundred thousands digit of 2857654028?
6
What is the hundreds digit of 518043661?
6
What is the hundred thousands digit of 102988446?
9
What is the ten thousands digit of 177577381?
7
What is the ten thousands digit of 4730695?
3
What is the thousands digit of 447037668?
7
What is the hundreds digit of 36457922?
9
What is the ten millions digit of 8024392142?
2
What is the ten thousands digit of 179863348?
6
What is the tens digit of 199336024?
2
What is the millions digit of 150102573?
0
What is the hundred millions digit of 1574239469?
5
What is the thousands digit of 45899832?
9
What is the ten thousands digit of 66376529?
7
What is the hundred millions digit of 123284313?
1
What is the ten millions digit of 4062105404?
6
What is the millions digit of 1793616880?
3
What is the units digit of 155405902?
2
What is the ten thousands digit of 85569126?
6
What is the millions digit of 308620533?
8
What is the units digit of 4740724705?
5
What is the thousands digit of 3237453?
7
What is the millions digit of 3063052221?
3
What is the thousands digit of 639306829?
6
What is the thousands digit of 22253840?
3
What is the hundreds digit of 5204258278?
2
What is the thousands digit of 708145457?
5
What is the hundred thousands digit of 271621395?
6
What is the millions digit of 16235172?
6
What is the thousands digit of 1432310?
2
What is the units digit of 407355930?
0
What is the hundred millions digit of 116006020?
1
What is the tens digit of 44548782?
8
What is the hundreds digit of 50333424?
4
What is the billions digit of 1001563180?
1
What is the thousands digit of 101214839?
4
What is the units digit of 115525285?
5
What is the ten thousands digit of 350158304?
5
What is the millions digit of 193578111?
3
What is the ten millions digit of 1260525994?
6
What is the hundred millions digit of 1912754957?
9
What is the hundred millions digit of 600741100?
6
What is the ten millions digit of 1053306830?
5
What is the hundreds digit of 2526428887?
8
What is the units digit of 2182524808?
8
What is the hundred thousands digit of 466346259?
3
What is the ten thousands digit of 90835305?
3
What is the units digit of 270180088?
8
What is the tens digit of 82451573?
7
What is the thousands digit of 1133910102?
0
What is the hundred thousands digit of 723170006?
1
What is the thousands digit of 37986457?
6
What is the hundreds digit of 116018009?
0
What is the tens digit of 436543538?
3
What is the thousands digit of 20214462?
4
What is the hundreds digit of 64697641?
6
What is the units digit of 514444143?
3
What is the tens digit of 816357853?
5
What is the ten millions digit of 10934067?
1
What is the hundred millions digit of 2217228830?
2
What is the hundreds digit of 25953375?
3
What is the hundreds digit of 247432161?
1
What is the hundreds digit of 37665295?
2
What is the hundred thousands digit of 13333841?
3
What is the millions digit of 2010033277?
0
What is the hundred millions digit of 4190533158?
1
What is the ten thousands digit of 104679346?
7
What is the ten thousands digit of 190583635?
8
What is the hundred millions digit of 173322720?
1
What is the ten millions digit of 1808582152?
0
What is the ten millions digit of 10479341?
1
What is the tens digit of 663177603?
0
What is the millions digit of 245301114?
5
What is the hundred thousands digit of 207088945?
0
What is the units digit of 21233246?
6
What is the tens digit of 82317469?
6
What is the tens digit of 40371013?
1
What is the millions digit of 8795251?
8
What is the hundreds digit of 245122223?
2
What is the hundred thousands digit of 4589362?
5
What is the hundred millions digit of 2097132344?
0
What is the tens digit of 39067468?
6
What is the units digit of 156269553?
3
What is the ten thousands digit of 41453169?
5
What is the hundred millions digit of 1253413697?
2
What is the hundreds digit of 85831906?
9
What is the thousands digit of 23688992?
8
What is the millions digit of 151532467?
1
What is the units digit of 15255442?
2
What is the hundreds digit of 214312923?
9
What is the millions digit of 119955267?
9
What is the millions digit of 53157499?
3
What is the units digit of 169006332?
2
What is the ten millions digit of 1223578383?
2
What is the hundreds digit of 14043699?
6
What is the millions digit of 7874123?
7
What is the hundred millions digit of 113976908?
1
What is the hundreds digit of 313102267?
2
What is the tens digit of 1806133295?
9
What is the ten millions digit of 57680330?
5
What is the hundred millions digit of 810217552?
8
What is the hundred thousands digit of 43572890?
5
What is the hundred millions digit of 115825774?
1
What is the units digit of 33864223?
3
What is the hundred millions digit of 351107522?
3
What is the hundreds digit of 187701206?
2
What is the thousands digit of 33553441?
3
What is the millions digit of 186493060?
6
What is the hundred millions digit of 207469134?
2
What is the units digit of 8388400228?
8
What is the tens digit of 599974427?
2
What is the ten millions digit of 180481323?
8
What is the ten millions digit of 40189889?
4
What is the thousands digit of 192761855?
1
What is the ten